[INFO] cloning repository https://github.com/Luis-Licea/radio
[INFO] running `Command { std: "git" "-c" "credential.helper=" "-c" "credential.helper=/workspace/cargo-home/bin/git-credential-null" "clone" "--bare" "https://github.com/Luis-Licea/radio" "/workspace/cache/git-repos/https%3A%2F%2Fgithub.com%2FLuis-Licea%2Fradio", kill_on_drop: false }`
[INFO] [stderr] Cloning into bare repository '/workspace/cache/git-repos/https%3A%2F%2Fgithub.com%2FLuis-Licea%2Fradio'...
[INFO] running `Command { std: "git" "rev-parse" "HEAD", kill_on_drop: false }`
[INFO] [stdout] 31f75e033c7a53f8fc15a4aebaa0f9252bff26ad
[INFO] checking Luis-Licea/radio against master#e6e4f7ed1589e03bc2f6c5931c1a72e7947e8682 for beta-170-4
[INFO] running `Command { std: "git" "clone" "/workspace/cache/git-repos/https%3A%2F%2Fgithub.com%2FLuis-Licea%2Fradio" "/workspace/builds/worker-5-tc2/source", kill_on_drop: false }`
[INFO] [stderr] Cloning into '/workspace/builds/worker-5-tc2/source'...
[INFO] [stderr] done.
[INFO] validating manifest of git repo https://github.com/Luis-Licea/radio on toolchain e6e4f7ed1589e03bc2f6c5931c1a72e7947e8682
[INFO] running `Command { std: CARGO_HOME="/workspace/cargo-home" RUSTUP_HOME="/workspace/rustup-home" "/workspace/cargo-home/bin/cargo" "+e6e4f7ed1589e03bc2f6c5931c1a72e7947e8682" "metadata" "--manifest-path" "Cargo.toml" "--no-deps", kill_on_drop: false }`
[INFO] started tweaking git repo https://github.com/Luis-Licea/radio
[INFO] finished tweaking git repo https://github.com/Luis-Licea/radio
[INFO] tweaked toml for git repo https://github.com/Luis-Licea/radio written to /workspace/builds/worker-5-tc2/source/Cargo.toml
[INFO] crate git repo https://github.com/Luis-Licea/radio already has a lockfile, it will not be regenerated
[INFO] running `Command { std: CARGO_HOME="/workspace/cargo-home" RUSTUP_HOME="/workspace/rustup-home" "/workspace/cargo-home/bin/cargo" "+e6e4f7ed1589e03bc2f6c5931c1a72e7947e8682" "fetch" "--manifest-path" "Cargo.toml", kill_on_drop: false }`
[INFO] running `Command { std: "docker" "create" "-v" "/var/lib/crater-agent-workspace/builds/worker-5-tc2/target:/opt/rustwide/target:rw,Z" "-v" "/var/lib/crater-agent-workspace/builds/worker-5-tc2/source:/opt/rustwide/workdir:ro,Z" "-v" "/var/lib/crater-agent-workspace/cargo-home:/opt/rustwide/cargo-home:ro,Z" "-v" "/var/lib/crater-agent-workspace/rustup-home:/opt/rustwide/rustup-home:ro,Z" "-e" "SOURCE_DIR=/opt/rustwide/workdir" "-e" "CARGO_TARGET_DIR=/opt/rustwide/target" "-e" "CARGO_HOME=/opt/rustwide/cargo-home" "-e" "RUSTUP_HOME=/opt/rustwide/rustup-home" "-w" "/opt/rustwide/workdir" "-m" "1610612736" "--user" "0:0" "--network" "none" "ghcr.io/rust-lang/crates-build-env/linux@sha256:19e73879b68f455e41552ea35293514db52ea292d993f571636dbffedb77a1ee" "/opt/rustwide/cargo-home/bin/cargo" "+e6e4f7ed1589e03bc2f6c5931c1a72e7947e8682" "metadata" "--no-deps" "--format-version=1", kill_on_drop: false }`
[INFO] [stdout] c73216d84d9a5abd66b31d298e361f8adc3a5ef0fe8f8bd266e13af9d5ab126e
[INFO] running `Command { std: "docker" "start" "-a" "c73216d84d9a5abd66b31d298e361f8adc3a5ef0fe8f8bd266e13af9d5ab126e", kill_on_drop: false }`
[INFO] running `Command { std: "docker" "inspect" "c73216d84d9a5abd66b31d298e361f8adc3a5ef0fe8f8bd266e13af9d5ab126e", kill_on_drop: false }`
[INFO] running `Command { std: "docker" "rm" "-f" "c73216d84d9a5abd66b31d298e361f8adc3a5ef0fe8f8bd266e13af9d5ab126e", kill_on_drop: false }`
[INFO] [stdout] c73216d84d9a5abd66b31d298e361f8adc3a5ef0fe8f8bd266e13af9d5ab126e
[INFO] running `Command { std: "docker" "create" "-v" "/var/lib/crater-agent-workspace/builds/worker-5-tc2/target:/opt/rustwide/target:rw,Z" "-v" "/var/lib/crater-agent-workspace/builds/worker-5-tc2/source:/opt/rustwide/workdir:ro,Z" "-v" "/var/lib/crater-agent-workspace/cargo-home:/opt/rustwide/cargo-home:ro,Z" "-v" "/var/lib/crater-agent-workspace/rustup-home:/opt/rustwide/rustup-home:ro,Z" "-e" "SOURCE_DIR=/opt/rustwide/workdir" "-e" "CARGO_TARGET_DIR=/opt/rustwide/target" "-e" "CARGO_INCREMENTAL=0" "-e" "RUST_BACKTRACE=full" "-e" "RUSTFLAGS=--cap-lints=forbid" "-e" "RUSTDOCFLAGS=--cap-lints=forbid" "-e" "CARGO_HOME=/opt/rustwide/cargo-home" "-e" "RUSTUP_HOME=/opt/rustwide/rustup-home" "-w" "/opt/rustwide/workdir" "-m" "1610612736" "--user" "0:0" "--network" "none" "ghcr.io/rust-lang/crates-build-env/linux@sha256:19e73879b68f455e41552ea35293514db52ea292d993f571636dbffedb77a1ee" "/opt/rustwide/cargo-home/bin/cargo" "+e6e4f7ed1589e03bc2f6c5931c1a72e7947e8682" "check" "--frozen" "--all" "--all-targets" "--message-format=json", kill_on_drop: false }`
[INFO] [stdout] 6678259d44736fbf2d3e954e520b12eda568ddb2582131859e377239c48612c4
[INFO] running `Command { std: "docker" "start" "-a" "6678259d44736fbf2d3e954e520b12eda568ddb2582131859e377239c48612c4", kill_on_drop: false }`
[INFO] [stderr]    Compiling libc v0.2.127
[INFO] [stderr]     Checking once_cell v1.13.0
[INFO] [stderr]    Compiling xml-rs v0.8.4
[INFO] [stderr]    Compiling pkg-config v0.3.25
[INFO] [stderr]    Compiling khronos_api v3.1.0
[INFO] [stderr]    Compiling memoffset v0.6.5
[INFO] [stderr]     Checking libloading v0.7.3
[INFO] [stderr]    Compiling memchr v2.5.0
[INFO] [stderr]    Compiling wasm-bindgen-shared v0.2.82
[INFO] [stderr]    Compiling log v0.4.17
[INFO] [stderr]     Checking downcast-rs v1.2.0
[INFO] [stderr]     Checking minimal-lexical v0.2.1
[INFO] [stderr]    Compiling bytemuck_derive v1.1.1
[INFO] [stderr]     Checking ttf-parser v0.15.2
[INFO] [stderr]    Compiling ahash v0.7.6
[INFO] [stderr]     Checking instant v0.1.12
[INFO] [stderr]     Checking ab_glyph_rasterizer v0.1.5
[INFO] [stderr]     Checking dlib v0.5.0
[INFO] [stderr]     Checking tracing-core v0.1.29
[INFO] [stderr]    Compiling tracing-attributes v0.1.22
[INFO] [stderr]    Compiling wasm-bindgen v0.2.82
[INFO] [stderr]    Compiling winit v0.26.1
[INFO] [stderr]     Checking cty v0.2.2
[INFO] [stderr]     Checking nohash-hasher v0.2.0
[INFO] [stderr]     Checking raw-window-handle v0.4.3
[INFO] [stderr]    Compiling thiserror-impl v1.0.32
[INFO] [stderr]    Compiling rustls v0.20.6
[INFO] [stderr]    Compiling serde_derive v1.0.142
[INFO] [stderr]     Checking miniz_oxide v0.5.3
[INFO] [stderr]    Compiling serde v1.0.142
[INFO] [stderr]    Compiling wayland-scanner v0.29.4
[INFO] [stderr]    Compiling gl_generator v0.14.0
[INFO] [stderr]     Checking webbrowser v0.7.1
[INFO] [stderr]    Compiling serde_json v1.0.83
[INFO] [stderr]    Compiling wayland-sys v0.29.4
[INFO] [stderr]    Compiling x11-dl v2.19.1
[INFO] [stderr]    Compiling wasm-bindgen-backend v0.2.82
[INFO] [stderr]    Compiling smithay-client-toolkit v0.15.4
[INFO] [stderr]     Checking nom v7.1.1
[INFO] [stderr]     Checking flate2 v1.0.24
[INFO] [stderr]     Checking glow v0.11.2
[INFO] [stderr]     Checking chunked_transfer v1.4.0
[INFO] [stderr]    Compiling glutin_glx_sys v0.1.8
[INFO] [stderr]    Compiling glutin_egl_sys v0.1.6
[INFO] [stderr]     Checking bytemuck v1.11.0
[INFO] [stderr]    Compiling wayland-client v0.29.4
[INFO] [stderr]    Compiling wayland-protocols v0.29.4
[INFO] [stderr]     Checking emath v0.18.0
[INFO] [stderr]     Checking nix v0.22.3
[INFO] [stderr]     Checking parking_lot_core v0.9.3
[INFO] [stderr]     Checking ring v0.16.20
[INFO] [stderr]     Checking getrandom v0.2.7
[INFO] [stderr]     Checking memmap2 v0.3.1
[INFO] [stderr]     Checking owned_ttf_parser v0.15.1
[INFO] [stderr]     Checking parking_lot v0.12.1
[INFO] [stderr]     Checking parking_lot_core v0.8.5
[INFO] [stderr]     Checking ab_glyph v0.2.15
[INFO] [stderr]     Checking gethostname v0.2.3
[INFO] [stderr]    Compiling wasm-bindgen-macro-support v0.2.82
[INFO] [stderr]     Checking mio v0.8.4
[INFO] [stderr]     Checking shared_library v0.1.9
[INFO] [stderr]     Checking epaint v0.18.1
[INFO] [stderr]     Checking parking_lot v0.11.2
[INFO] [stderr]     Checking osmesa-sys v0.1.2
[INFO] [stderr]     Checking xcursor v0.3.4
[INFO] [stderr]     Checking thiserror v1.0.32
[INFO] [stderr]     Checking tracing v0.1.36
[INFO] [stderr]     Checking egui v0.18.1
[INFO] [stderr]     Checking webpki v0.22.0
[INFO] [stderr]     Checking sct v0.7.0
[INFO] [stderr]    Compiling wasm-bindgen-macro v0.2.82
[INFO] [stderr]     Checking webpki-roots v0.22.4
[INFO] [stderr]     Checking egui_glow v0.18.1
[INFO] [stderr]     Checking js-sys v0.3.59
[INFO] [stderr]     Checking wayland-commons v0.29.4
[INFO] [stderr]     Checking calloop v0.9.3
[INFO] [stderr]     Checking x11rb v0.9.0
[INFO] [stderr]     Checking ureq v2.5.0
[INFO] [stderr]     Checking wayland-cursor v0.29.4
[INFO] [stderr]     Checking wayland-egl v0.29.4
[INFO] [stderr]     Checking web-sys v0.3.59
[INFO] [stderr]     Checking ehttp v0.2.0
[INFO] [stderr]     Checking arboard v2.1.1
[INFO] [stderr]     Checking egui-winit v0.18.0
[INFO] [stderr]     Checking glutin v0.28.0
[INFO] [stderr]     Checking eframe v0.18.0
[INFO] [stderr]     Checking radio v0.1.7 (/opt/rustwide/workdir)
[INFO] [stdout] error[E0599]: no function or associated item named `default` found for struct `radio::App` in the current scope
[INFO] [stdout]  --> src/main.rs:9:27
[INFO] [stdout]   |
[INFO] [stdout] 9 |     let app = radio::App::default();
[INFO] [stdout]   |                           ^^^^^^^ function or associated item not found in `radio::App`
[INFO] [stdout] 
[INFO] [stdout] 
[INFO] [stdout] error[E0061]: this function takes 3 arguments but 2 arguments were supplied
[INFO] [stdout]    --> src/main.rs:13:5
[INFO] [stdout]     |
[INFO] [stdout] 13  |     eframe::run_native(Box::new(app), native_options);
[INFO] [stdout]     |     ^^^^^^^^^^^^^^^^^^------------------------------- an argument of type `Box<(dyn for<'a, 'b> FnOnce(&'a CreationContext<'b>) -> Box<(dyn eframe::App + 'static)> + 'static)>` is missing
[INFO] [stdout]     |
[INFO] [stdout] note: function defined here
[INFO] [stdout]    --> /opt/rustwide/cargo-home/registry/src/index.crates.io-6f17d22bba15001f/eframe-0.18.0/src/lib.rs:144:8
[INFO] [stdout]     |
[INFO] [stdout] 144 | pub fn run_native(app_name: &str, native_options: NativeOptions, app_creator: AppCreator) -> ! {
[INFO] [stdout]     |        ^^^^^^^^^^
[INFO] [stdout] help: provide the argument
[INFO] [stdout]     |
[INFO] [stdout] 13  |     eframe::run_native(Box::new(app), native_options, /* Box<(dyn for<'a, 'b> FnOnce(&'a CreationContext<'b>) -> Box<(dyn eframe::App + 'static)> + 'static)> */);
[INFO] [stdout]     |                       ~~~~~~~~~~~~~~~~~~~~~~~~~~~~~~~~~~~~~~~~~~~~~~~~~~~~~~~~~~~~~~~~~~~~~~~~~~~~~~~~~~~~~~~~~~~~~~~~~~~~~~~~~~~~~~~~~~~~~~~~~~~~~~~~~~~~~~~~~~~
[INFO] [stdout] 
[INFO] [stdout] 
[INFO] [stdout] error: aborting due to 2 previous errors
[INFO] [stdout] 
[INFO] [stdout] 
[INFO] [stdout] Some errors have detailed explanations: E0061, E0599.
[INFO] [stdout] 
[INFO] [stdout] For more information about an error, try `rustc --explain E0061`.
[INFO] [stdout] 
[INFO] [stderr] error: could not compile `radio` (bin "radio") due to 3 previous errors
[INFO] [stderr] warning: build failed, waiting for other jobs to finish...
[INFO] [stdout] error[E0599]: no function or associated item named `default` found for struct `radio::App` in the current scope
[INFO] [stdout]  --> src/main.rs:9:27
[INFO] [stdout]   |
[INFO] [stdout] 9 |     let app = radio::App::default();
[INFO] [stdout]   |                           ^^^^^^^ function or associated item not found in `radio::App`
[INFO] [stdout] 
[INFO] [stdout] 
[INFO] [stdout] error[E0061]: this function takes 3 arguments but 2 arguments were supplied
[INFO] [stdout]    --> src/main.rs:13:5
[INFO] [stdout]     |
[INFO] [stdout] 13  |     eframe::run_native(Box::new(app), native_options);
[INFO] [stdout]     |     ^^^^^^^^^^^^^^^^^^------------------------------- an argument of type `Box<(dyn for<'a, 'b> FnOnce(&'a CreationContext<'b>) -> Box<(dyn eframe::App + 'static)> + 'static)>` is missing
[INFO] [stdout]     |
[INFO] [stdout] note: function defined here
[INFO] [stdout]    --> /opt/rustwide/cargo-home/registry/src/index.crates.io-6f17d22bba15001f/eframe-0.18.0/src/lib.rs:144:8
[INFO] [stdout]     |
[INFO] [stdout] 144 | pub fn run_native(app_name: &str, native_options: NativeOptions, app_creator: AppCreator) -> ! {
[INFO] [stdout]     |        ^^^^^^^^^^
[INFO] [stdout] help: provide the argument
[INFO] [stdout]     |
[INFO] [stdout] 13  |     eframe::run_native(Box::new(app), native_options, /* Box<(dyn for<'a, 'b> FnOnce(&'a CreationContext<'b>) -> Box<(dyn eframe::App + 'static)> + 'static)> */);
[INFO] [stdout]     |                       ~~~~~~~~~~~~~~~~~~~~~~~~~~~~~~~~~~~~~~~~~~~~~~~~~~~~~~~~~~~~~~~~~~~~~~~~~~~~~~~~~~~~~~~~~~~~~~~~~~~~~~~~~~~~~~~~~~~~~~~~~~~~~~~~~~~~~~~~~~~
[INFO] [stdout] 
[INFO] [stdout] 
[INFO] [stdout] error: aborting due to 2 previous errors
[INFO] [stdout] 
[INFO] [stdout] 
[INFO] [stdout] Some errors have detailed explanations: E0061, E0599.
[INFO] [stdout] 
[INFO] [stdout] For more information about an error, try `rustc --explain E0061`.
[INFO] [stdout] 
[INFO] [stderr] error: could not compile `radio` (bin "radio" test) due to 3 previous errors
[INFO] running `Command { std: "docker" "inspect" "6678259d44736fbf2d3e954e520b12eda568ddb2582131859e377239c48612c4", kill_on_drop: false }`
[INFO] running `Command { std: "docker" "rm" "-f" "6678259d44736fbf2d3e954e520b12eda568ddb2582131859e377239c48612c4", kill_on_drop: false }`
[INFO] [stdout] 6678259d44736fbf2d3e954e520b12eda568ddb2582131859e377239c48612c4
